{"id":3,"date":"2023-04-21T09:54:47","date_gmt":"2023-04-21T09:54:47","guid":{"rendered":"https:\/\/universe.help\/?page_id=3"},"modified":"2023-09-06T11:59:27","modified_gmt":"2023-09-06T09:59:27","slug":"privacy-policy","status":"publish","type":"page","link":"https:\/\/universe.help\/index.php\/privacy-policy\/","title":{"rendered":"Datenschutzerkl\u00e4rung"},"content":{"rendered":"<h4 style=\"padding-left: 80px;\"><span style=\"color: #000000;\">1. Pr\u00e4ambel<\/span><\/h4>\n<p style=\"padding-left: 80px;\"><span style=\"color: #000000;\">Die Universit\u00e4t Basel\u00a0legt gr\u00f6ssten Wert auf den Schutz personenbezogener Daten. Personenbezogene Daten sind alle Daten, die auf Sie pers\u00f6nlich beziehbar sind, z.B. Name, Adresse, E-Mail, Telefonnummer, Foto, Nutzerverhalten, IP-Adresse, etc.<\/span><\/p>\n<p style=\"padding-left: 80px;\"><span style=\"color: #000000;\">Mit dieser Datenschutzerkl\u00e4rung m\u00f6chten wir Sie dar\u00fcber informieren, welche Daten die Universit\u00e4t Basel von Ihnen als Nutzerinnen und Nutzern der\u00a0Website <a style=\"color: #000000;\" href=\"https:\/\/universe-portal.com\">https:\/\/universe.help<\/a> zu welchem Zweck\u00a0erhebt, bearbeitet, bekannt gibt und welche Massnahmen die Universit\u00e4t Basel ergreift, um die Sicherheit dieser Daten zu gew\u00e4hrleisten. Zudem kl\u00e4ren wir Sie mittels dieser Datenschutzerkl\u00e4rung \u00fcber die Ihnen zustehenden Rechte auf.<\/span><\/p>\n<p>&nbsp;<\/p>\n<h4 style=\"padding-left: 80px;\"><span style=\"color: #000000;\">2. Auf welcher gesetzlichen Grundlage bearbeitet die Universit\u00e4t Basel personenbezogene Daten?<\/span><\/h4>\n<p style=\"padding-left: 80px;\"><span style=\"color: #000000;\">Die Bearbeitung personenbezogener Daten erfolgt immer unter Beachtung des f\u00fcr die\u00a0Universit\u00e4t Basel\u00a0geltenden Informations- und Datenschutzgesetzes des Kantons Basel-Stadt (IDG) und allenfalls auch des Schweizerischen Bundesgesetzes \u00fcber den Datenschutz (DSG). Dar\u00fcber hinaus beachtet die\u00a0Universit\u00e4t Basel\u00a0die gegebenfalls anwendbare Europ\u00e4ische Datenschutzgrundverordnung (DSGVO) und gibt f\u00fcr diesen Fall, gem\u00e4ss Art. 13 Abs. 1 lit c DSGVO, jeweils die entsprechende Gesetzesgrundlage an.<\/span><\/p>\n<p>&nbsp;<\/p>\n<h4 style=\"padding-left: 80px;\"><span style=\"color: #000000;\">3. Welche personenbezogenen Daten bearbeitet die Universit\u00e4t Basel und zu welchem Zweck?<\/span><\/h4>\n<p style=\"padding-left: 80px;\"><span style=\"color: #000000;\">Die Nutzung bestimmter Angebote auf der Website <a style=\"color: #000000;\" href=\"https:\/\/unibas.weblium.site\">https:\/\/universe.help<\/a> unter anderem bei der Nutzung der angegebenen Kontakt-E-Mail-Adresse und Telefonnummer, kann eine Erhebung, Bearbeitung und l\u00e4ngerfristige Speicherung von Personendaten wie z.B. Name, Adresse, Telefonnummer,\u00a0oder Mailadresse erfordern. Wir bearbeiten diese Daten gem\u00e4ss Art. 9\u00a0Informations- und Datenschutzgesetz des Kantons Basel-Stadt (IDG) bzw. der entsprechenden universit\u00e4ren Bestimmungen.<\/span><\/p>\n<p style=\"padding-left: 80px;\"><span style=\"color: #000000;\">Sofern und soweit die Europ\u00e4ische Datenschutzgrundverordnung (DSGVO) zur Anwendung kommt, bearbeiten wir die Daten:<\/span><\/p>\n<ul>\n<li style=\"list-style-type: none;\">\n<ul>\n<li style=\"list-style-type: none;\">\n<ul>\n<li><span style=\"color: #000000;\">aufgrund gesetzlicher Vorgaben (Art. 6 Abs. 1 lit. c DSGVO) oder im \u00f6ffentlichen Interesse (Art. 6 Abs. 1 lit. e DSGVO),<\/span><\/li>\n<li><span style=\"color: #000000;\">aufgrund Ihrer Einwilligung (Art. 6 Abs. 1 lit. a DSGVO),<\/span><\/li>\n<li><span style=\"color: #000000;\">zur Erf\u00fcllung von vertraglichen Pflichten sowie zur Durchf\u00fchrung entsprechender vorvertraglicher Massnahmen (Art. 6 Abs. 1 lit. b DSGVO),<\/span><\/li>\n<li><span style=\"color: #000000;\">um die berechtigten Interessen von uns oder von Dritten zu wahren (Art. 6 Abs. 1 lit. f DSGVO),<\/span><\/li>\n<li><span style=\"color: #000000;\">um allenfalls lebenswichtige Interessen von Ihnen oder einer anderen nat\u00fcrlichen Person zu sch\u00fctzen (Art. 6 Abs. 1 lit. d DSGVO).<\/span><\/li>\n<\/ul>\n<\/li>\n<\/ul>\n<\/li>\n<\/ul>\n<p style=\"padding-left: 80px;\"><span style=\"color: #000000;\">Allf\u00e4llige Einwilligungen, die Sie uns zu bestimmten Dienstleistungen gegeben haben, k\u00f6nnen Sie jederzeit mit Wirkung f\u00fcr die Zukunft widerrufen. Bereits angefallene personenbezogene Daten werden gel\u00f6scht, wenn sie f\u00fcr die Zwecke, f\u00fcr die die Daten erhoben wurden, nicht mehr erforderlich sind. An Stelle der L\u00f6schung tritt die Sperrung der Daten, sofern einer L\u00f6schung gesetzliche oder vertragliche Gr\u00fcnde entgegenstehen.<\/span><\/p>\n<p style=\"padding-left: 80px;\"><span style=\"color: #000000;\">Wenn wir Ihre pers\u00f6nlichen Daten vollst\u00e4ndig l\u00f6schen sollen, kontaktieren Sie uns per E-Mail:\u00a0<a style=\"color: #000000;\" href=\"mailto:universe@unibas.ch\">universe@unibas.ch<\/a><\/span><\/p>\n<p>&nbsp;<\/p>\n<h4 style=\"padding-left: 80px;\"><span style=\"color: #000000;\">4. Warum werden Cookies gesetzt?<\/span><\/h4>\n<p style=\"padding-left: 80px;\"><span style=\"color: #000000;\">Cookies sind kleine Textdateien, die von unserem Server oder dem Server Dritter an den Browser des Nutzers, der Nutzerin \u00fcbertragen und auf Ihrem Endger\u00e4t gespeichert werden. Hierdurch erhalten wir automatisch bestimmte Daten wie z. B. die IP-Adresse, verwendete Browser, Betriebssystem und Ihre Verbindung zum Internet. Durch den Einsatz von Cookies erh\u00f6ht sich die Benutzerfreundlichkeit und die Sicherheit der Website.\u00a0\u00dcber die Einstellungen Ihres Browsers k\u00f6nnen Sie sehen, welche Cookies von der Website <a style=\"color: #000000;\" href=\"https:\/\/unibas.weblium.site\">https:\/\/universe.help<\/a> gesetzt wurden und k\u00f6nnen diese gegebenenfalls l\u00f6schen.<\/span><\/p>\n<p>&nbsp;<\/p>\n<h4 style=\"padding-left: 80px;\"><span style=\"color: #000000;\">5. Welche Zugriffsdaten bearbeitet (erhebt, sammelt, speichert, etc.) die Universit\u00e4t Basel, wenn Sie die Website https:\/\/universe.help nutzen und zu welchem Zweck?<\/span><\/h4>\n<p style=\"padding-left: 80px;\"><span style=\"color: #000000;\">Aus Sicherheitsgr\u00fcnden, um z. B. Missbrauchsf\u00e4lle aufkl\u00e4ren zu k\u00f6nnen und unsere Netzinfrastruktur<\/span><\/p>\n<p style=\"padding-left: 80px;\"><span style=\"color: #000000;\">sicherzustellen, werden sog. Zugriffsdaten, die beim Aufrufen der Website <a style=\"color: #000000;\" href=\"https:\/\/unibas.weblium.site\">https:\/\/universe.help<\/a> automatisch erhoben werden, in einer Webserver-Logdatei auf Servern der Universit\u00e4t Basel f\u00fcr einen Zeitraum von 4 Wochen gespeichert. Im Falle eines Angriffs auf unsere Netzinfrastruktur kann eine l\u00e4ngerfristige Speicherung aus Beweisgr\u00fcnden und f\u00fcr eine allf\u00e4llige zivil- oder strafrechtlichen Verfolgung des Angreifers erforderlich sein. Folgende Zugriffsdaten werden erhoben:<\/span><\/p>\n<ul>\n<li style=\"list-style-type: none;\">\n<ul>\n<li style=\"list-style-type: none;\">\n<ul>\n<li><span style=\"color: #000000;\">besuchte Website<\/span><\/li>\n<li><span style=\"color: #000000;\">Uhrzeit zum Zeitpunkt des Zugriffes<\/span><\/li>\n<li><span style=\"color: #000000;\">verwendeter Browser<\/span><\/li>\n<li><span style=\"color: #000000;\">verwendetes Betriebssystem<\/span><\/li>\n<li><span style=\"color: #000000;\">IP-Adresse<br \/>\n<\/span><\/li>\n<\/ul>\n<\/li>\n<\/ul>\n<\/li>\n<\/ul>\n<p>&nbsp;<\/p>\n<h4 style=\"padding-left: 80px;\"><span style=\"color: #000000;\">6. Verwendet die Website https:\/\/universe.help Web-Analyse-Tools? <\/span><\/h4>\n<p style=\"padding-left: 80px;\"><span style=\"color: #000000;\">Auf der Website https:\/\/universe.help ist kein Web-Analyse-Komponente aktiv.<\/span><\/p>\n<p style=\"padding-left: 80px;\"><span style=\"color: #000000;\">Web-Analyse (Tracking) ist die Erhebung, Sammlung und Auswertung von Daten \u00fcber das Verhalten von Nutzern und Nutzerinnen der Website. Ein Web-Analyse-Tool erfasst unter anderem Daten dar\u00fcber, von welcher Website eine\u00a0Person auf eine Website gekommen ist (sogenannter Referrer), auf welche Unterseiten der Website zugegriffen oder wie oft und f\u00fcr welche Verweildauer eine Unterseite betrachtet wurde. Eine Web-Analyse wird\u00a0zur Optimierung einer Website eingesetzt.<\/span><\/p>\n<p>&nbsp;<\/p>\n<h4 style=\"padding-left: 80px;\"><span style=\"color: #000000;\">7. Welche\u00a0Dienste von Dritten verwendet\u00a0die Website https:\/\/universe.help<\/span><\/h4>\n<p style=\"padding-left: 80px;\"><span style=\"color: #000000;\">Wir binden Dienste von Dritten ein, achten dabei auf die Grunds\u00e4tze des Datenschutzes (insbesondere Zweckbindung, Datenminimierung und nach M\u00f6glichkeit ohne Datentransfer in unsichere Drittl\u00e4nder).<\/span><\/p>\n<p style=\"padding-left: 80px;\"><span style=\"color: #000000;\"><strong>Youtube<\/strong><\/span><\/p>\n<ul>\n<li style=\"list-style-type: none;\">\n<ul>\n<li style=\"list-style-type: none;\">\n<ul>\n<li><span style=\"color: #000000;\">Zweck: Einbindung von Multimediainhalten (Video Dateien)<\/span><\/li>\n<li><span style=\"color: #000000;\">URL:\u00a0<a style=\"color: #000000;\" href=\"https:\/\/www.youtube.com\/\">https:\/\/www.youtube.com\/<\/a><\/span><\/li>\n<li><span style=\"color: #000000;\">Datenschutzerkl\u00e4rung:\u00a0<a style=\"color: #000000;\" href=\"https:\/\/policies.google.com\/privacy\">https:\/\/policies.google.com\/privacy<\/a><\/span><\/li>\n<\/ul>\n<\/li>\n<\/ul>\n<\/li>\n<\/ul>\n<p style=\"padding-left: 80px;\"><span style=\"color: #000000;\"><strong>Google Fonts<\/strong><\/span><\/p>\n<ul>\n<li style=\"list-style-type: none;\">\n<ul>\n<li style=\"list-style-type: none;\">\n<ul>\n<li><span style=\"color: #000000;\">Zweck: Einbindung von Schriften (Fonts)<\/span><\/li>\n<li><span style=\"color: #000000;\">URL:\u00a0<a style=\"color: #000000;\" href=\"https:\/\/fonts.google.com\/\">https:\/\/fonts.google.com\/<\/a><\/span><\/li>\n<li><span style=\"color: #000000;\">Datenschutzerkl\u00e4rung:\u00a0<a style=\"color: #000000;\" href=\"https:\/\/policies.google.com\/privacy\">https:\/\/policies.google.com\/privacy<\/a><\/span><\/li>\n<\/ul>\n<\/li>\n<\/ul>\n<\/li>\n<\/ul>\n<p>&nbsp;<\/p>\n<h4 style=\"padding-left: 80px;\"><span style=\"color: #000000;\">8. Sind Ihre Daten bei der Universit\u00e4t Basel sicher?<\/span><\/h4>\n<p style=\"padding-left: 80px;\"><span style=\"color: #000000;\">Die\u00a0Universit\u00e4t Basel\u00a0setzt technische und organisatorische Sicherheitsmassnahmen ein, damit die Daten, die sie \u00fcber die\u00a0Website\u00a0<a style=\"color: #000000;\" href=\"https:\/\/unibas.weblium.site\">https:\/\/universe.help<\/a> erhebt und weiter bearbeitet,<\/span><\/p>\n<p style=\"padding-left: 80px;\"><span style=\"color: #000000;\">vertraulich bleiben und vor zuf\u00e4lligen oder unrechtm\u00e4ssigen Zugriffen, Ver\u00e4nderungen oder Offenlegungen sowie vor Verlusten und Zerst\u00f6rung gesch\u00fctzt werden; und<\/span><\/p>\n<p style=\"padding-left: 80px;\"><span style=\"color: #000000;\">eine Zugriffsberechtigung auf die Daten ausschliesslich nach dem Grundsatz der Erforderlichkeit (\u201eNeed-to-Know\u201c) denjenigen Personen erteilt wird,\u00a0die aufgrund ihrer Funktion und Aufgabe auf die Personendaten zugreifen m\u00fcssen.<\/span><\/p>\n<p style=\"padding-left: 80px;\"><span style=\"color: #000000;\">Die zu treffenden Massnahmen richten sich nach der Art der Information, nach Art und Zweck der Verwendung und nach dem jeweiligen Stand der Technik.<\/span><\/p>\n<p>&nbsp;<\/p>\n<h4 style=\"padding-left: 80px;\"><span style=\"color: #000000;\">9. Ist die Website https:\/\/universe.help verschl\u00fcsselt?<\/span><\/h4>\n<p style=\"padding-left: 80px;\"><span style=\"color: #000000;\">Unsere Website https:\/\/universe.help wird verschl\u00fcsselt angeboten. Die Verschl\u00fcsselung stellt sicher, dass die aufgerufene Website (die angeforderten Informationen) auch von dem Server kommt, der er vorgibt, zu sein.\u00a0Unverschl\u00fcsselter Datenverkehr kann von Dritten manipuliert werden.<\/span><\/p>\n<p>&nbsp;<\/p>\n<h4 style=\"padding-left: 80px;\"><span style=\"color: #000000;\">10. Wer haftet f\u00fcr Links zu Websites anderer Anbieter?<\/span><\/h4>\n<p style=\"padding-left: 80px;\"><span style=\"color: #000000;\">Die Webseite <a style=\"color: #000000;\" href=\"https:\/\/unibas.weblium.site\">https:\/\/universe.help<\/a> der Universit\u00e4t Basel enth\u00e4lt Hyperlinks zur Webseite Youtube und \u00fcbernimmt keine Haftung f\u00fcr deren sonstige Inhalte sowie f\u00fcr die darauf angebotenen Produkte, Dienstleistungen und sonstigen Angebote.<\/span><\/p>\n<p>&nbsp;<\/p>\n<h4 style=\"padding-left: 80px;\"><span style=\"color: #000000;\">11. Welche Rechte stehen Ihnen als betroffene Person zu?<\/span><\/h4>\n<p style=\"padding-left: 80px;\"><span style=\"color: #000000;\">Nutzerinnen und Nutzer der Website\u00a0<a style=\"color: #000000;\" href=\"https:\/\/unibas.weblium.site\">https:\/\/universe.help<\/a>, \u00fcber die wir personenbezogene Daten bearbeiten, haben im Rahmen der geltenden gesetzlichen Bestimmungen jederzeit das Recht<\/span><\/p>\n<ul>\n<li style=\"list-style-type: none;\">\n<ul>\n<li style=\"list-style-type: none;\">\n<ul>\n<li><span style=\"color: #000000;\">auf unentgeltliche Best\u00e4tigung, ob personenbezogene Daten durch die Universit\u00e4t Basel bearbeitet werden(\u00a725 und \u00a726 IDG),<\/span><\/li>\n<li><span style=\"color: #000000;\">auf Auskunft \u00fcber allf\u00e4llig gespeicherte Daten,<\/span><\/li>\n<li><span style=\"color: #000000;\">auf Einschr\u00e4nkung der Bearbeitung der Daten,<\/span><\/li>\n<li><span style=\"color: #000000;\">auf Daten\u00fcbertragung, sofern und soweit die DSGVO anwendbar ist,<\/span><\/li>\n<li><span style=\"color: #000000;\">auf Berichtigung, Sperrung oder L\u00f6schung dieser Daten,<\/span><\/li>\n<li><span style=\"color: #000000;\">auf Widerruf einer allf\u00e4llig erteilten Einwilligung,<\/span><\/li>\n<li><span style=\"color: #000000;\">auf Widerspruch gegen die Bearbeitung ihrer personenbezogenen Daten.<\/span><\/li>\n<\/ul>\n<\/li>\n<\/ul>\n<\/li>\n<\/ul>\n<p style=\"padding-left: 80px;\"><span style=\"color: #000000;\">Diesbez\u00fcglich k\u00f6nnen Sie sich jederzeit an unsere Kontaktadresse wenden:<\/span><br \/>\n<span style=\"color: #000000;\"><a style=\"color: #000000;\" href=\"mailto:universe@unibas.ch\">universe@unibas.ch<\/a><\/span><\/p>\n<p>&nbsp;<\/p>\n<h4 style=\"padding-left: 80px;\"><span style=\"color: #000000;\">12. Kann sich die Datenschutzerkl\u00e4rung \u00e4ndern?<\/span><\/h4>\n<p style=\"padding-left: 80px;\"><span style=\"color: #000000;\">Die Universit\u00e4t Basel beh\u00e4lt sich vor, diese Datenschutzerkl\u00e4rung jederzeit bei Bedarf anzupassen. Aktueller Stand der vorliegenden Datenschutzerkl\u00e4rung ist der 06.09.2023.<\/span><\/p>\n<p>&nbsp;<\/p>\n<h4 style=\"padding-left: 80px;\"><span style=\"color: #000000;\">13. Wer ist f\u00fcr die Website\u00a0<a style=\"color: #000000;\" href=\"https:\/\/unibas.weblium.site\">https:\/\/universe.help<\/a> verantwortlich und an wen k\u00f6nnen Sie sich bei Bedarf wenden?<\/span><\/h4>\n<p style=\"padding-left: 80px;\"><span style=\"color: #000000;\">Verantwortliche:<\/span><br \/>\n<span style=\"color: #000000;\"><strong><br \/>\n<\/strong>Universit\u00e4t Basel<\/span><br \/>\n<span style=\"color: #000000;\">Petersplatz 1, Postfach<\/span><br \/>\n<span style=\"color: #000000;\">4001 Basel<\/span><br \/>\n<span style=\"color: #000000;\">Schweiz<\/span><br \/>\n<span style=\"color: #000000;\"><a style=\"color: #000000;\" href=\"https:\/\/www.unibas.ch\/\">https:\/\/www.unibas.ch<\/a><\/span><\/p>\n<p style=\"padding-left: 80px;\"><span style=\"color: #000000;\"><strong>Datenschutzbeauftragte der Universit\u00e4t Basel:<\/strong><\/span><\/p>\n<p style=\"padding-left: 80px;\"><span style=\"color: #000000;\">Danielle Kaufmann lic. iur.<\/span><br \/>\n<span style=\"color: #000000;\">Sch\u00f6nbeinstrasse 18-20<\/span><br \/>\n<span style=\"color: #000000;\">4056 Basel<\/span><br \/>\n<span style=\"color: #000000;\"><a style=\"color: #000000;\" href=\"mailto:datenschutz@unibas.ch\">datenschutz@unibas.ch<\/a><\/span><\/p>\n<p style=\"padding-left: 80px;\"><span style=\"color: #000000;\">Wenn Sie Fragen zur Bearbeitung Ihrer pers\u00f6nlichen Daten haben, k\u00f6nnen Sie sich an folgende Kontaktadresse wenden:<\/span><\/p>\n<p style=\"padding-left: 80px;\"><span style=\"color: #000000;\"><a style=\"color: #000000;\" href=\"mailto:universe@unibas.ch\">universe@unibas.ch<\/a><\/span><\/p>\n","protected":false},"excerpt":{"rendered":"<p>1. Pr\u00e4ambel Die Universit\u00e4t Basel\u00a0legt gr\u00f6ssten Wert auf den Schutz personenbezogener Daten. Personenbezogene Daten sind alle Daten, die auf Sie pers\u00f6nlich beziehbar sind, z.B. Name, Adresse, E-Mail, Telefonnummer, Foto, Nutzerverhalten, IP-Adresse, etc. Mit dieser Datenschutzerkl\u00e4rung m\u00f6chten wir Sie dar\u00fcber informieren, welche Daten die Universit\u00e4t Basel von Ihnen als Nutzerinnen und Nutzern der\u00a0Website https:\/\/universe.help zu welchem [&hellip;]<\/p>\n","protected":false},"author":1,"featured_media":0,"parent":0,"menu_order":0,"comment_status":"closed","ping_status":"open","template":"","meta":{"footnotes":""},"class_list":["post-3","page","type-page","status-publish","hentry"],"_links":{"self":[{"href":"https:\/\/universe.help\/index.php\/wp-json\/wp\/v2\/pages\/3","targetHints":{"allow":["GET"]}}],"collection":[{"href":"https:\/\/universe.help\/index.php\/wp-json\/wp\/v2\/pages"}],"about":[{"href":"https:\/\/universe.help\/index.php\/wp-json\/wp\/v2\/types\/page"}],"author":[{"embeddable":true,"href":"https:\/\/universe.help\/index.php\/wp-json\/wp\/v2\/users\/1"}],"replies":[{"embeddable":true,"href":"https:\/\/universe.help\/index.php\/wp-json\/wp\/v2\/comments?post=3"}],"version-history":[{"count":10,"href":"https:\/\/universe.help\/index.php\/wp-json\/wp\/v2\/pages\/3\/revisions"}],"predecessor-version":[{"id":1887,"href":"https:\/\/universe.help\/index.php\/wp-json\/wp\/v2\/pages\/3\/revisions\/1887"}],"wp:attachment":[{"href":"https:\/\/universe.help\/index.php\/wp-json\/wp\/v2\/media?parent=3"}],"curies":[{"name":"wp","href":"https:\/\/api.w.org\/{rel}","templated":true}]}}